{"id":47,"date":"2017-12-27T00:58:10","date_gmt":"2017-12-26T23:58:10","guid":{"rendered":"https:\/\/stemplomat.pl\/?page_id=47"},"modified":"2022-12-18T18:56:15","modified_gmt":"2022-12-18T17:56:15","slug":"opinie-o-ustawieniach","status":"publish","type":"page","link":"https:\/\/stemplomat.pl\/?page_id=47","title":{"rendered":"Opinie"},"content":{"rendered":"<section class=\"wpb-content-wrapper\"><p>[vc_row][vc_column][vc_column_text]<\/p>\n<div class=\"row\">\n<div class=\"media-body\">\n<div class=\"col-lg-8 col-md-8\">\n<p>doskona\u0142a firma w\u0142a\u015bciciel doradzi, prawdziwa z\u0142ota r\u0105czka. Wykonuje piecz\u0105tki dobrej jako\u015bci, poprzedni\u0105 u\u017cywa\u0142em 20 lat.<\/p>\n<p>Odpowied\u017a w\u0142a\u015bciciela<br \/>\nZach\u0119cam do wizyty wcze\u015bniej ni\u017c za kolejne 20 lat bo czasy ci\u0119\u017ckie:)<br \/>\nS\u0142awa M.<br \/>\nS\u0142awa M.<br \/>\n15 opinii<br \/>\n2 lata temu<br \/>\nFirma godna polecenia, wyrabia\u0142am faksymile, wcze\u015bniej szuka\u0142am bli\u017cej miejsca zamieszkania, ale \u017cadna firma wyrabiaj\u0105ca piecz\u0105tki nie wiedzia\u0142a o czym m\u00f3wi\u0119. Szybko i profesjonalnie wykonana us\u0142uga, zdecydowanie kolejny raz skorzystam cho\u0107 mam do punktu 20 km \ud83d\ude42<br \/>\nPodoba mi si\u0119<br \/>\nAsia \ud83d\ude00<br \/>\nAsia \ud83d\ude00<br \/>\n13 opinii<br \/>\n3 lata temu<br \/>\nJestem bardzo zadowolona z us\u0142ugi. Piecz\u0105tka wykonana w trybie ekspresowym (bez dodatkowych op\u0142at oczywi\u015bcie). Czas,od momentu przykecia projektu piecz\u0105tki do jej odebrania wynosi\u0142 20 minut ! Polecam<br \/>\nPodoba mi si\u0119<br \/>\nZaloguj Wyloguj<br \/>\nZaloguj Wyloguj<br \/>\n1 opinia<br \/>\n2 lata temu<br \/>\nJestem bardzo zadowolony z \u015bwiadczonych us\u0142ug. Korzystam z tego punktu od wielu lat i nigdy si\u0119 nie zawiod\u0142em. Mog\u0119 \u015bmia\u0142o poleci\u0107 jako bardzo solidnego wykonawc\u0119. Robert<br \/>\nPodoba mi si\u0119<br \/>\nJasiek Michalski<br \/>\nJasiek Michalski<br \/>\n1 opinia<br \/>\n4 lata temu<br \/>\nKompetencja pracownik\u00f3w na najwy\u017cszym poziomie.<br \/>\nDzi\u0119ki powtarzalno\u015bci ch\u0119tnie si\u0119 wraca.<br \/>\nStosunek ceny co do jako\u015bci us\u0142ug oceniam jako bardzo dobry.<br \/>\nPodoba mi si\u0119<br \/>\nKlaudia Wendt-Michalska<br \/>\nKlaudia Wendt-Michalska<br \/>\n2 opinie<br \/>\n4 lata temu<br \/>\nZamawiane towary zawsze s\u0105 u mnie ekspresowo. Szybko\u015b\u0107 wykonania nie ujmuje wysokiej jako\u015bci. Us\u0142ugi NIKA, to co\u015b w co warto inwestowa\u0107.<br \/>\nPodoba mi si\u0119<br \/>\newa gizi\u0144ska<br \/>\newa gizi\u0144ska<br \/>\n1 opinia<br \/>\n4 lata temu<br \/>\nProfesjonalnie i szybko.<br \/>\nKorzystam z us\u0142ug firmy od wielu lat.<br \/>\nSzczerze polecam :))<br \/>\nPodoba mi si\u0119<br \/>\nProtsenko Group<br \/>\nProtsenko Group<br \/>\n8 opinii\u00b72 zdj\u0119cia<br \/>\n2 lata temu<br \/>\nMi\u0142o jest pracowa\u0107 z tym panem. Zawsze pomo\u017ce w wyborze. Dzia\u0142a szybko i sprawnie. Polecamy serdecznie!<br \/>\nPodoba mi si\u0119<br \/>\nMiros\u0142aw Wojciechowski<br \/>\nMiros\u0142aw Wojciechowski<br \/>\n2 opinie<br \/>\n5 lat temu<br \/>\nFachowa i szybka obs\u0142uga. Wykonuj\u0105 r\u00f3\u017cne nietypowe zlecenia. Firma godna polecenia!<br \/>\nPodoba mi si\u0119<br \/>\nJskwcz<br \/>\nJskwcz<br \/>\n1 opinia<br \/>\n2 lata temu<br \/>\nMoja pierwsza i ostatnia wizyta w tej drukarni,<br \/>\nPani z obs\u0142ugi bardzo niemila.<br \/>\nPodoba mi si\u0119<br \/>\nOdpowied\u017a w\u0142a\u015bciciela2 lata temu<br \/>\nMo\u017ce wyja\u015bni Pan w czym rzecz?<br \/>\nkamil<br \/>\nkamil<br \/>\n2 opinie<br \/>\n5 lat temu<br \/>\nPolecam! Bardzo szybka obs\u0142uga i solidna robota.<br \/>\nPodoba mi si\u0119<br \/>\nPawe\u0142 Jesionek<br \/>\nPawe\u0142 Jesionek<br \/>\nLokalny przewodnik\u00b7291 opinii\u00b7289 zdj\u0119\u0107<br \/>\n5 lat temu<br \/>\nSzybko, fachowo i przede wszystkim TANIO !Polecam serdecznie \ud83d\ude42<br \/>\nPodoba mi si\u0119<br \/>\nMarta M.<br \/>\nMarta M.<br \/>\nLokalny przewodnik\u00b716 opinii\u00b72 zdj\u0119cia<br \/>\nrok temu<br \/>\nSzybko i sprawnie. Polecam na 100%<br \/>\nPodoba mi si\u0119<br \/>\nOdpowied\u017a w\u0142a\u015bcicielarok temu<br \/>\nDzi\u0119kuj\u0119 za dobre s\u0142owo i zapraszam ponownie \ud83d\ude04<br \/>\nMonika Wendel<br \/>\nMonika Wendel<br \/>\n26 opinii\u00b71 zdj\u0119cie<br \/>\n3 lata temu<br \/>\nBardzo mi\u0142y i pomocny Pan:)<br \/>\nPodoba mi si\u0119<br \/>\nMateusz Michalski<br \/>\nMateusz Michalski<br \/>\n2 opinie<br \/>\n4 lata temu<br \/>\nProfesjonalne i indywidualne podej\u015bcie do klienta<br \/>\nPodoba mi si\u0119<br \/>\nPiotr Kaczmarek<br \/>\nPiotr Kaczmarek<br \/>\nLokalny przewodnik\u00b712 opinii\u00b71 zdj\u0119cie<br \/>\n2 lata temu<br \/>\nSuper jako\u015b\u0107. Polecam<br \/>\n1<br \/>\nRobert Ty<br \/>\nRobert Ty<br \/>\nLokalny przewodnik\u00b719 opinii\u00b715 zdj\u0119\u0107<br \/>\n6 lat temu<br \/>\nSolidna firma . Polecam<br \/>\nPodoba mi si\u0119<br \/>\nBartosz Miko\u0142aj Miko\u0142ajczyk<br \/>\nBartosz Miko\u0142aj Miko\u0142ajczyk<br \/>\nLokalny przewodnik\u00b732 opinie\u00b72 694 zdj\u0119cia<br \/>\n4 lata temu<br \/>\nKozak &#8230; znaj\u0105 si\u0119 ch\u0142opaki<br \/>\nPodoba mi si\u0119<br \/>\nQ4silent<br \/>\nQ4silent<br \/>\n3 opinie<br \/>\nrok temu<br \/>\nQuick , cheap , friendly . Very good experience.<\/p>\n<p>(Przet\u0142umaczone przez Google) \u2026Wi\u0119cej<br \/>\nPodoba mi si\u0119<br \/>\nOdpowied\u017a w\u0142a\u015bcicielarok temu<br \/>\nThanks<br \/>\nand come back again<br \/>\n\ud83d\ude00 \u2026Wi\u0119cej<br \/>\nOleg Khalymonyk<br \/>\nOleg Khalymonyk<br \/>\nLokalny przewodnik\u00b722 opinie\u00b714 zdj\u0119\u0107<br \/>\nrok temu<br \/>\n(Przet\u0142umaczone przez Google) Polecam!<\/p>\n<p>(Wersja oryginalna)<br \/>\n\u0420\u0435\u043a\u043e\u043c\u0435\u043d\u0434\u0443\u044e!<br \/>\nPodoba mi si\u0119<br \/>\nTomasz Purol<br \/>\nTomasz Purol<br \/>\n2 lata temu<br \/>\nDariusz Serba<br \/>\nDariusz Serba<br \/>\nLokalny przewodnik\u00b75 opinii\u00b72 zdj\u0119cia<br \/>\nrok temu<br \/>\n\u0141ukasz \u0141akomiec<br \/>\n\u0141ukasz \u0141akomiec<br \/>\nLokalny przewodnik\u00b774 opinie\u00b732 zdj\u0119cia<br \/>\nrok temu<br \/>\nPawe\u0142 Antuchowski<br \/>\nPawe\u0142 Antuchowski<br \/>\n2 opinie<\/p>\n<\/div>\n<\/div>\n<\/div>\n<p>[\/vc_column_text][\/vc_column][\/vc_row]<\/p>\n<\/section>","protected":false},"excerpt":{"rendered":"<p>[vc_row][vc_column][vc_column_text] doskona\u0142a firma w\u0142a\u015bciciel doradzi, prawdziwa z\u0142ota r\u0105czka. Wykonuje piecz\u0105tki dobrej jako\u015bci, poprzedni\u0105 u\u017cywa\u0142em 20 lat. Odpowied\u017a w\u0142a\u015bciciela Zach\u0119cam do wizyty wcze\u015bniej ni\u017c za kolejne 20 lat bo czasy ci\u0119\u017ckie:) S\u0142awa M. S\u0142awa M. 15 opinii 2 lata temu Firma godna polecenia, wyrabia\u0142am faksymile, wcze\u015bniej szuka\u0142am bli\u017cej miejsca zamieszkania, ale \u017cadna firma wyrabiaj\u0105ca piecz\u0105tki nie [&hellip;]<\/p>\n","protected":false},"author":1,"featured_media":0,"parent":0,"menu_order":0,"comment_status":"closed","ping_status":"closed","template":"","meta":[],"_links":{"self":[{"href":"https:\/\/stemplomat.pl\/index.php?rest_route=\/wp\/v2\/pages\/47"}],"collection":[{"href":"https:\/\/stemplomat.pl\/index.php?rest_route=\/wp\/v2\/pages"}],"about":[{"href":"https:\/\/stemplomat.pl\/index.php?rest_route=\/wp\/v2\/types\/page"}],"author":[{"embeddable":true,"href":"https:\/\/stemplomat.pl\/index.php?rest_route=\/wp\/v2\/users\/1"}],"replies":[{"embeddable":true,"href":"https:\/\/stemplomat.pl\/index.php?rest_route=%2Fwp%2Fv2%2Fcomments&post=47"}],"version-history":[{"count":6,"href":"https:\/\/stemplomat.pl\/index.php?rest_route=\/wp\/v2\/pages\/47\/revisions"}],"predecessor-version":[{"id":399,"href":"https:\/\/stemplomat.pl\/index.php?rest_route=\/wp\/v2\/pages\/47\/revisions\/399"}],"wp:attachment":[{"href":"https:\/\/stemplomat.pl\/index.php?rest_route=%2Fwp%2Fv2%2Fmedia&parent=47"}],"curies":[{"name":"wp","href":"https:\/\/api.w.org\/{rel}","templated":true}]}}